2099
What are the prime factors of 74669294?
2, 7, 257, 20753
List the prime factors of 53280116.
2, 13320029
List the prime factors of 767741595.
3, 5, 51182773
List the prime factors of 84968486.
2, 23, 61, 107, 283
What are the prime factors of 117445726?
2, 19, 1181, 2617
What are the prime factors of 678298520?
2, 5, 23, 737281
What are the prime factors of 534416270?
2, 5, 23, 2323549
List the prime factors of 1868038887.
3, 11, 13, 421, 10343
List the prime factors of 6103188.
2, 3, 7, 13, 23
List the prime factors of 69333692.
2, 433, 40031
List the prime factors of 490487340.
2, 3, 5, 7, 359, 3253
What are the prime factors of 1394021773?
19, 43, 727, 2347
What are the prime factors of 340659063?
3, 4481, 8447
What are the prime factors of 1158261587?
7, 31, 172181
What are the prime factors of 79028443?
13, 41, 67, 2213
What are the prime factors of 617690788?
2, 11, 13, 1079879
What are the prime factors of 37411439?
13, 2877803
What are the prime factors of 61544710?
2, 5, 6154471
List the prime factors of 1399762401.
3, 29, 3299, 4877
List the prime factors of 3133862251.
13, 61, 3951907
List the prime factors of 8051294.
2, 797, 5051
List the prime factors of 19667600.
2, 5, 49169
List the prime factors of 2453519227.
23, 157, 251, 2707
List the prime factors of 40386199.
7, 5769457
List the prime factors of 172460170.
2, 5, 17246017
What are the prime factors of 621524830?
2, 5, 67, 927649
List the prime factors of 1590947.
607, 2621
What are the prime factors of 2590526808?
2, 3, 113, 318403
What are the prime factors of 474455514?
2, 3, 13, 37, 79, 2081
What are the prime factors of 18142414?
2, 9071207
List the prime factors of 42702379.
61, 251, 2789
What are the prime factors of 1133611645?
5, 226722329
What are the prime factors of 93470583?
3, 659, 47279
What are the prime factors of 45829465?
5, 11, 47, 17729
List the prime factors of 370158392.
2, 46269799
What are the prime factors of 105032545?
5, 17, 47, 61, 431
List the prime factors of 123225368.
2, 7, 61, 36073
What are the prime factors of 1470460503?
3, 490153501
What are the prime factors of 95124747?
3, 31708249
List the prime factors of 98619084.
2, 3, 2739419
What are the prime factors of 38716477?
38716477
List the prime factors of 454793125.
5, 61, 79, 151
List the prime factors of 696304506.
2, 3, 116050751
List the prime factors of 672833761.
672833761
List the prime factors of 664044859.
2239, 296581
What are the prime factors of 2394581733?
3, 17, 15650861
What are the prime factors of 3854571335?
5, 41, 751, 25037
What are the prime factors of 4031381648?
2, 7, 107, 336397
What are the prime factors of 441150594?
2, 3, 73525099
List the prime factors of 1212875131.
13, 93298087
List the prime factors of 118167981.
3, 39389327
List the prime factors of 3371498734.
2, 2039, 826753
What are the prime factors of 549637102?
2, 7, 39259793
List the prime factors of 76938305.
5, 29, 530609
What are the prime factors of 187577264?
2, 7, 1674797
What are the prime factors of 295558925?
5, 131, 90247
What are the prime factors of 22470543?
3, 2496727
List the prime factors of 10777167.
3, 17, 70439
List the prime factors of 48216449.
3019, 15971
List the prime factors of 272090396.
2, 68022599
List the prime factors of 53141385.
3, 5, 11, 19, 23, 67
What are the prime factors of 13822081?
7, 13, 193, 787
List the prime factors of 352580844.
2, 3, 7, 11, 37, 10313
What are the prime factors of 164064799?
73, 2247463
List the prime factors of 84481516.
2, 7, 373, 8089
What are the prime factors of 751022277?
3, 17, 866231
List the prime factors of 4370130552.
2, 3, 5023, 36251
List the prime factors of 162699444.
2, 3, 43, 61, 1723
List the prime factors of 178499689.
178499689
What are the prime factors of 115900466?
2, 11, 5268203
What are the prime factors of 3792982451?
26723, 141937
List the prime factors of 56173857.
3, 18724619
What are the prime factors of 463890503?
53, 8752651
List the prime factors of 43780548.
2, 3, 7, 107, 4871
What are the prime factors of 1034418193?
17, 60848129
List the prime factors of 551150907.
3, 183716969
What are the prime factors of 4824369?
3, 11, 48731
What are the prime factors of 401474753?
29, 37, 293, 1277
List the prime factors of 673698708.
2, 3, 167, 12451
What are the prime factors of 123113683?
7, 11, 751, 2129
List the prime factors of 96257842.
2, 17, 107, 26459
What are the prime factors of 3011706577?
11, 101, 281, 877
List the prime factors of 278248457.
23, 12097759
List the prime factors of 17740598.
2, 709, 12511
List the prime factors of 176116875.
3, 5, 11, 8539
List the prime factors of 2112505314.
2, 3, 223, 1578853
What are the prime factors of 62880715?
5, 12576143
List the prime factors of 2818268303.
127, 2351, 9439
What are the prime factors of 8930132794?
2, 11, 405915127
List the prime factors of 233278928.
2, 14579933
List the prime factors of 1713880740.
2, 3, 5, 11, 13, 199753
What are the prime factors of 6048581656?
2, 13, 1187, 3769
List the prime factors of 2556298713.
3, 852099571
What are the prime factors of 60701976?
2, 3, 41, 20563
List the prime factors of 13724305.
5, 7, 191, 2053
List the prime factors of 679153889.
41, 1063, 15583
What are the prime factors of 202968618?
2, 3, 3407, 9929
List the prime factors of 1171726901.
16217, 72253
List the prime factors of 164993034.
2, 3, 3823, 7193
List the prime factors of 110940109.
7, 23, 29, 23761
List the prime factors of 2188982437.
29, 75482153
What are the prime factors of 3276487236?
2, 3, 11, 24821873
List the prime factors of 255190663.
7, 13, 2804293
What are the prime factors of 355648546?
2, 11, 16165843
What are the prime factors of 277197545?
5, 55439509
What are the prime factors of 363515230?
2, 5, 13, 23, 121577
What are the prime factors of 11295060?
2, 3, 5, 7, 26893
List the prime factors of 3300834456.
2, 3, 43, 467, 761
What are the prime factors of 32163535?
5, 6432707
What are the prime factors of 94455485?
5, 17, 683, 1627
List the prime factors of 102564684.
2, 3, 949673
What are the prime factors of 35402854?
2, 17701427
List the prime factors of 74997708.
2, 3, 6249809
What are the prime factors of 9196003154?
2, 13, 17, 19, 1095023
List the prime factors of 6022258909.
157, 38358337
List the prime factors of 68039630.
2, 5, 881, 7723
List the prime factors of 127877276.
2, 751, 42569
What are the prime factors of 73252602?
2, 3, 47, 86587
List the prime factors of 423831356.
2, 13, 751, 10853
List the prime factors of 32230755.
3, 5, 109, 6571
List the prime factors of 2266620358.
2, 1133310179
List the prime factors of 856551602.
2, 23, 18620687
List the prime factors of 6709782670.
2, 5, 59, 67, 269, 631
What are the prime factors of 163075781?
11, 17, 211, 4133
List the prime factors of 76893320.
2, 5, 7, 101, 2719
List the prime factors of 222655310.
2, 5, 197, 113023
What are the prime factors of 1673830?
2, 5, 59, 2837
List the prime factors of 53814472.
2, 127, 52967
List the prime factors of 162763947.
3, 587, 30809
What are the prime factors of 47014259?
31, 1516589
What are the prime factors of 67134856?
2, 1129, 7433
List the prime factors of 2851103931.
3, 13, 37, 1975817
What are the prime factors of 1898199?
3, 210911
What are the prime factors of 168789323?
168789323
What are the prime factors of 12003697?
89, 134873
What are the prime factors of 75866861?
7, 59, 183697
List the prime factors of 20519042.
2, 103, 99607
List the prime factors of 13122739.
7, 267811
What are the prime factors of 48827524?
2, 107, 114083
What are the prime factors of 160539189?
3, 19, 37, 163, 467
List the prime factors of 13655639.
43, 227, 1399
List the prime factors of 53405543.
2543, 21001
List the prime factors of 236937045.
3, 5, 15795803
What are the prime factors of 417961890?
2, 3, 5, 719, 2153
List the prime factors of 961444942.
2, 23, 83, 419, 601
What are the prime factors of 61850136?
2, 3, 1151, 2239
List the prime factors of 1067383657.
29, 1583, 23251
List the prime factors of 19670609.
7, 61, 6581
List the prime factors of 1580739268.
2, 395184817
What are the prime factors of 2149807091?
29, 67, 38153
List the prime factors of 747241178.
2, 373620589
What are the prime factors of 494595